. What are the prime factors of b(x)?
7
Suppose 20*i - 1675 = 37485. What are the prime factors of i?
2, 11, 89
Suppose 0 = -3*h + 2*h + 2*s + 2, -4*h + 30 = 3*s. Suppose -t + 84 - 25 = -3*a, -5*a = -5*t + 245. Suppose 2*d + t = h*d. List the prime factors of d.
11
Let h(o) be the third derivative of 1/60*o**5 + 7/2*o**3 + 0 + 0*o - 1/24*o**4 - 3*o**2. List the prime factors of h(0).
3, 7
Suppose t = -t - 4*k + 1200, 5*t - 3052 = 3*k. List the prime factors of t.
2, 19
Let y be (-4 - -5) + 3 - -47. Let a = 4 - y. What are the prime factors of (a + -4)*1/(-3)?
17
Let s(t) = -t**3 - 14*t**2 - t - 15. Let k(l) = l**2 - 10*l + 7. Let o be k(7). Let a be s(o). Let p(n) = 19*n**2 - n - 1. What are the prime factors of p(a)?
19
List the prime factors of (120/6)/((-52)/(-16) + -3).
2, 5
Suppose 0 = 5*s + t - 5*t + 5, -2*t = -10. Suppose 3*p = -s + 9. List the prime factors of 2 - -3 - (p + -2).
5
Let d(j) = j**3 - 5*j**2 - 6*j - 4. Let o = -43 - -50. What are the prime factors of d(o)?
2, 13
Suppose 2*k - g - 7 = 0, g + 24 = 5*k + 8. Suppose -4*y - 2*l = -k*l - 5, 5*y - 6 = l. List the prime factors of 17 - -18 - 4/y.
31
Let x be (4 + 14/(-1))*1. Let j(f) = -f**3 - 10*f**2 - f - 8. Let y be j(x). Suppose -u + 2*u + y*t = -4, 7 = 2*u - t. List the prime factors of u.
2
Suppose q + q = -4, 3*j + 3*q - 24 = 0. Let x be -6*(3 + (-7)/3). Let h = j + x. What are the prime factors of h?
2, 3
Let v(n) = 62*n**2 - 2*n + 1. Let w be v(1). Let b = 663 + -563. Let r = b - w. What are the prime factors of r?
3, 13
Let w = -59 - -24. Let y = w + 93. List the prime factors of y.
2, 29
Let j = 194 - -99. Let w = j - 97. List the prime factors of w.
2, 7
What are the prime factors of (30/9)/(32/11472)?
5, 239
List the prime factors of (-14927)/(-99) + (-1)/18*-4.
151
Let r(h) = 3*h**3 - h**2 + h - 1. Let d be r(1). Suppose -5*n + u - 63 = 47, -5*n = -d*u + 115. List the prime factors of (-224)/n*9/3.
2
Let u = 1 - -4. Suppose -d = -u*d - 364. Let s = -64 - d. What are the prime factors of s?
3
Let o be (13/((-130)/12))/(2/10). What are the prime factors of 310 + (-3)/(9/o)?
2, 3, 13
Let o = -15 + 16. Let y be 2/(-2) - (-4 - o). Suppose 4*g = -2*c - y, -2*c + 0 = -g - 6. What are the prime factors of c?
2
Suppose i = 54 + 56. Let p be i/8 - (-1)/4. Suppose -c + r = 6*r - 13, -p = -2*c + 2*r. List the prime factors of c.
2
Suppose 0 = -5*f - 5*c + 60 + 725, -5*c + 153 = f. What are the prime factors of f?
2, 79
Suppose 0 = 69*d - 62*d - 2653. What are the prime factors of d?
379
Let g = -1961 + 1943. Suppose -2*v + 4*l + 78 = 0, 4*l + 232 - 56 = 4*v. Let k = v + g. What are the prime factors of k?
31
Let t(p) = -38*p - 10. Let v(w) = -37*w - 11. Let x(u) = 6*t(u) - 5*v(u). Let y be x(-5). Suppose j + y = 6*j. What are the prime factors of j?
2, 3, 7
Suppose -4*c + 63 = -3*c - z, 2*c - 122 = 4*z. What are the prime factors of c?
5, 13
Let v be 8/(-1) - -2 - (-7 + 8). Let o = v + 17. List the prime factors of o.
2, 5
Let s = -140 + 201. Suppose 27 = 4*x - s. List the prime factors of x.
2, 11
Let u(h) = 79*h**2 + 18*h + 47. What are the prime factors of u(-3)?
2, 11
Suppose -4*f - 4*w + 6*w = -12846, -4*f + 12849 = w. What are the prime factors of f?
2, 11, 73
Let a(s) = 4*s**2 - 3*s - 5. Let r(k) = -5*k**2 + 3*k + 6. Let f(d) = 4*a(d) + 3*r(d). What are the prime factors of f(9)?
2, 13
Suppose -4*o - b - 25 = 0, -3*b = -5*o + 2*b. What are the prime factors of ((-7545)/18)/o - 2/(-12)?
2, 3, 7
Let p(c) = 2*c + 17. Let m be p(-6). Suppose m*s = -x + 77 + 293, -4*s - 5*x = -275. Let h = -16 + s. What are the prime factors of h?
59
Let u(c) = -c**2 - 53*c - 65. What are the prime factors of u(-26)?
7, 13
Let b be 1 + 7 + 8 + -11. Suppose -b*i = -4*a + 12, -4*a + 3*i = a - 15. List the prime factors of -2 - -37 - (0 + a).
2
Let q(x) be the first derivative of x**4/4 + 14*x**3/3 + 13*x**2/2 + 10*x - 3. Let z be q(-13). Let o = z - 6. List the prime factors of o.
2
Let b = 841 + -465. What are the prime factors of b?
2, 47
Suppose 0 = 10*m - 9*m - 610. What are the prime factors of m?
2, 5, 61
List the prime factors of (8 - 4) + ((-79480)/8)/(-5).
11, 181
Suppose -2*a - 3*a + 5*z = -55, 4*a - 2*z - 54 = 0. Let v = a + -11. What are the prime factors of -1 + (8*v - 2)?
37
Let x(i) = -i**3 + 20*i**2 - 15*i + 1. What are the prime factors of x(6)?
5, 83
Suppose -10*p = -7*p + 75. Let c = p - -30. Suppose 2*x = 4*w - 0*w - 154, 47 = 2*w + c*x. List the prime factors of w.
2, 3
Let n be 10/(-14) - 12/42. What are the prime factors of n/(-1022*(-3)/1536 + -2)?
2
Let i(t) = 11*t - 12. Let r be i(7). Let f = -16 + r. List the prime factors of f.
7
Suppose 5*b = 4*u + 12378, -16*u = b - 21*u - 2463. List the prime factors of b.
2, 3, 7, 59
Let h(g) = 2*g - 4. Let l be h(-3). Let a = l - -19. Let z = a - 3. What are the prime factors of z?
2, 3
Suppose 0 = x + t - 2193, -5*x + 9*t - 13*t = -10961. What are the prime factors of x?
11, 199
List the prime factors of (-6 - (1982 + -3))/(1 - 2).
5, 397
Let h = -157 - -343. Suppose -4*u + 78 = -h. What are the prime factors of u?
2, 3, 11
Suppose 0 = 4*l + 12 - 32. Suppose -83 = -o - 3*o - l*s, s = -1. List the prime factors of o.
2, 11
Let u(h) = 116*h + 16. What are the prime factors of u(4)?
2, 3, 5
Let f = -2 - -4. Suppose f*k = k. Suppose k = 4*x + x - 175. List the prime factors of x.
5, 7
Let q(z) = -z**3 - 6*z**2 - z + 11. Let h(m) = m**3 - 16*m**2 + 13*m + 11. Let d be h(15). Let k = -26 - d. What are the prime factors of q(k)?
67
Suppose f - 17 = 4*s, 4*s + 29 = 2*f + s. Let y = f + -11. Suppose -y*n - 3*n = -140. List the prime factors of n.
2, 7
Let r = 350 + -35. Suppose 0 = 4*z - r + 67. Let d = -32 + z. List the prime factors of d.
2, 3, 5
Suppose -2*d + 5*l = 21 + 37, 2*d + 2*l + 58 = 0. Let z = d - -57. List the prime factors of z.
2, 7
Suppose h = -h - 40. List the prime factors of (276/h)/((-2)/10).
3, 23
Suppose -k - 2*k - 230 = -t, -704 = -3*t + 2*k. What are the prime factors of t?
2, 59
What are the prime factors of 20/2*7/2*15?
3, 5, 7
Suppose k + 97 = y, k = -y - 2*k + 77. Suppose -2*p = -4*j - 8, 0 = 4*p - 2*j - j - 6. Suppose p = b + b - y. List the prime factors of b.
2, 23
Let s be ((-19)/(-2))/((-16)/(-32)). Let i = 20 - s. What are the prime factors of -2*i*(-1 - 0)?
2
Suppose 21*r - 33*r = -21972. List the prime factors of r.
1831
Let h(k) = -k**3 - 11*k**2 - 30*k - 55. Let q be h(-18). Suppose -11*m + 107 = -q. What are the prime factors of m?
2, 5, 13
Suppose 0 = 2*k + 2*o - 1546, -k - 5*o + 819 - 54 = 0. List the prime factors of k.
5, 31
Suppose 0 = -4*j + y + 72, -3*j + 69 = -0*j + 3*y. What are the prime factors of ((-2)/(-8)*1)/(j/380)?
5
Let a = 10 + -23. Let v(u) = u + 5. Let h be v(a). Let q = h + 54. What are the prime factors of q?
2, 23
Let j = 5 - 5. Suppose -m - 4*o + 10 - 4 = j, 3*m - 48 = -2*o. What are the prime factors of m?
2, 3
Suppose -4*r + 4 + 4 = 0. Suppose -3*g + r*g + 2*n = -2, 28 = -g - 4*n. List the prime factors of (-300)/g*(-8)/(-6).
2, 5
Let g(h) = 13*h**2 - 2*h - 4. Let u(o) = -5*o**2 - 6*o - 5. Let p be u(-1). What are the prime factors of g(p)?
2, 53
Let k be 0/2 + (-14 - -14). Suppose 2*o = 5*v - 10*v + 295, k = -4*v - o + 233. List the prime factors of v.
3, 19
Suppose 8*v - 12*v + 16 = 0. Suppose -v*m - 4*r = -r - 38, 0 = 4*m - 5*r - 54. Suppose -13*d = -m*d - 96. List the prime factors of d.
2, 3
Suppose 32*g = -11056 + 31632. What are the prime factors of g?
643
Let n(f) = -8*f + 4. Let r be n(-3). Let l be ((-3)/(-9) - (-304)/6)*-1. Let j = r - l. What are the prime factors of j?
79
Suppose -8*l + 2*l = -24. Suppose l*z = -4*d + 52, -2*d = z - 8 - 14. What are the prime factors of d?
3
Suppose -31*b + 2833 + 10001 = 0. What are the prime factors of b?
2, 3, 23
Let o be -1 - (-385 - (-3 + 3)*-1). Let d = o + -253. List the prime factors of d.
131
Let s(v) = 403*v**2 + 6*v + 10. What are the prime factors of s(-2)?
2, 5, 7, 23
Let j = 12 + -11. Let c be (15 - j) + 1/(-1). Let q = -8 + c. What are the prime factors of q?
5
Let r be (-3696)/108 - 3*6/(-81). Let c = 215 + r. What are the prime factors of c?
181
Let s = -776 - -847. What are the prime factors of s?
71
Suppose 3*v - 4*c = -222 + 1946, 3*c = -15. Suppose -3*o + v = o. List the prime factors of o.
2, 71
Let 